 the prime factors of 9378.
2, 3, 521
What are the prime factors of 441?
3, 7
What are the prime factors of 17280?
2, 3, 5
What are the prime factors of 1700?
2, 5, 17
What are the prime factors of 14863?
89, 167
List the prime factors of 14208.
2, 3, 37
What are the prime factors of 1473?
3, 491
What are the prime factors of 26152?
2, 7, 467
List the prime factors of 13936.
2, 13, 67
List the prime factors of 47359.
13, 3643
What are the prime factors of 422?
2, 211
List the prime factors of 15173.
15173
List the prime factors of 11738.
2, 5869
What are the prime factors of 3190?
2, 5, 11, 29
What are the prime factors of 337?
337
List the prime factors of 3034.
2, 37, 41
List the prime factors of 340.
2, 5, 17
List the prime factors of 29460.
2, 3, 5, 491
What are the prime factors of 76467?
3, 71, 359
List the prime factors of 1774.
2, 887
List the prime factors of 4840.
2, 5, 11
List the prime factors of 21177.
3, 13, 181
List the prime factors of 2199.
3, 733
List the prime factors of 40315.
5, 11, 733
List the prime factors of 34850.
2, 5, 17, 41
What are the prime factors of 953?
953
What are the prime factors of 8415?
3, 5, 11, 17
What are the prime factors of 42675?
3, 5, 569
List the prime factors of 1972.
2, 17, 29
What are the prime factors of 478?
2, 239
What are the prime factors of 76046?
2, 47, 809
What are the prime factors of 8060?
2, 5, 13, 31
List the prime factors of 374.
2, 11, 17
List the prime factors of 10940.
2, 5, 547
List the prime factors of 4163.
23, 181
What are the prime factors of 1621?
1621
What are the prime factors of 29196?
2, 3, 811
What are the prime factors of 297?
3, 11
What are the prime factors of 8611?
79, 109
What are the prime factors of 253?
11, 23
What are the prime factors of 4574?
2, 2287
What are the prime factors of 1289?
1289
List the prime factors of 28795.
5, 13, 443
List the prime factors of 8034.
2, 3, 13, 103
What are the prime factors of 194?
2, 97
What are the prime factors of 1592?
2, 199
What are the prime factors of 5240?
2, 5, 131
What are the prime factors of 3721?
61
What are the prime factors of 1091?
1091
List the prime factors of 426.
2, 3, 71
What are the prime factors of 1459?
1459
List the prime factors of 27097.
7, 79
List the prime factors of 13107.
3, 17, 257
List the prime factors of 33755.
5, 43, 157
What are the prime factors of 62014?
2, 101, 307
What are the prime factors of 3762?
2, 3, 11, 19
What are the prime factors of 78596?
2, 7, 401
List the prime factors of 76591.
191, 401
List the prime factors of 4353.
3, 1451
List the prime factors of 32094.
2, 3, 1783
List the prime factors of 82330.
2, 5, 8233
List the prime factors of 49402.
2, 17, 1453
What are the prime factors of 6496?
2, 7, 29
What are the prime factors of 2957?
2957
What are the prime factors of 4822?
2, 2411
What are the prime factors of 199?
199
What are the prime factors of 54414?
2, 3, 3023
List the prime factors of 2674.
2, 7, 191
What are the prime factors of 1542?
2, 3, 257
List the prime factors of 2673.
3, 11
List the prime factors of 161769.
3, 53923
List the prime factors of 73667.
11, 37, 181
List the prime factors of 142292.
2, 35573
List the prime factors of 309.
3, 103
What are the prime factors of 67564?
2, 7, 19, 127
What are the prime factors of 43028?
2, 31, 347
What are the prime factors of 123?
3, 41
List the prime factors of 268.
2, 67
List the prime factors of 1668.
2, 3, 139
List the prime factors of 6095.
5, 23, 53
List the prime factors of 54131.
7, 11, 19, 37
List the prime factors of 11360.
2, 5, 71
What are the prime factors of 1842?
2, 3, 307
What are the prime factors of 8915?
5, 1783
List the prime factors of 42877.
53, 809
List the prime factors of 2541.
3, 7, 11
List the prime factors of 59339.
7, 173
What are the prime factors of 3540?
2, 3, 5, 59
List the prime factors of 26820.
2, 3, 5, 149
List the prime factors of 82810.
2, 5, 7, 13
What are the prime factors of 1687?
7, 241
List the prime factors of 51914.
2, 101, 257
List the prime factors of 527.
17, 31
List the prime factors of 255.
3, 5, 17
What are the prime factors of 1549?
1549
What are the prime factors of 24?
2, 3
What are the prime factors of 9118?
2, 47, 97
What are the prime factors of 3163?
3163
What are the prime factors of 56943?
3, 19, 37
List the prime factors of 1292.
2, 17, 19
What are the prime factors of 220?
2, 5, 11
List the prime factors of 36091.
11, 17, 193
What are the prime factors of 2645?
5, 23
List the prime factors of 7221.
3, 29, 83
List the prime factors of 6174.
2, 3, 7
List the prime factors of 7454.
2, 3727
List the prime factors of 36507.
3, 43, 283
What are the prime factors of 1706?
2, 853
List the prime factors of 9943.
61, 163
What are the prime factors of 14661?
3, 181
List the prime factors of 12954.
2, 3, 17, 127
What are the prime factors of 159?
3, 53
List the prime factors of 6873.
3, 29, 79
List the prime factors of 3562.
2, 13, 137
List the prime factors of 126618.
2, 3, 47, 449
List the prime factors of 3425.
5, 137
What are the prime factors of 9375?
3, 5
What are the prime factors of 2859?
3, 953
What are the prime factors of 1039?
1039
What are the prime factors of 537?
3, 179
List the prime factors of 3055.
5, 13, 47
What are the prime factors of 5709?
3, 11, 173
What are the prime factors of 751?
751
What are the prime factors of 3090?
2, 3, 5, 103
What are the prime factors of 1315?
5, 263
What are the prime factors of 4917?
3, 11, 149
List the prime factors of 145158.
2, 3, 13, 1861
What are the prime factors of 49946?
2, 13, 17, 113
What are the prime factors of 227?
227
List the prime factors of 15223.
13, 1171
What are the prime factors of 6727?
7, 31
What are the prime factors of 7437?
3, 37, 67
List the prime factors of 78576.
2, 3, 1637
What are the prime factors of 7493?
59, 127
What are the prime factors of 373?
373
What are the prime factors of 31489?
31489
What are the prime factors of 59326?
2, 29663
List the prime factors of 906.
2, 3, 151
What are the prime factors of 59969?
7, 13, 659
List the prime factors of 853.
853
What are the prime factors of 7404?
2, 3, 617
What are the prime factors of 1814?
2, 907
What are the prime factors of 1884?
2, 3, 157
What are the prime factors of 8241?
3, 41, 67
List the prime factors of 392.
2, 7
List the prime factors of 6486.
2, 3, 23, 47
List the prime factors of 3139.
43, 73
What are the prime factors of 106706?
2, 53353
List the prime factors of 2632.
2, 7, 47
What are the prime factors of 8142?
2, 3, 23, 59
List the prime factors of 681.
3, 227
What are the prime factors of 52508?
2, 13127
What are the prime factors of 158?
2, 79
List the prime factors of 93630.
2, 3, 5, 3121
What are the prime factors of 1400?
2, 5, 7
What are the prime factors of 310?
2, 5, 31
List the prime factors of 851.
23, 37
List the prime factors of 1713.
3, 571
List the prime factors of 69885.
3, 5, 1553
List the prime factors of 1346.
2, 673
List the prime factors of 113343.
3, 37781
List the prime factors of 1368.
2, 3, 19
What are the prime factors of 48526?
2, 19, 1277
What are the prime factors of 248?
2, 31
What are the prime factors of 2000?
2, 5
List the prime factors of 3698.
2, 43
List the prime factors of 2285.
5, 457
List the prime factors of 541.
541
List the prime factors of 59757.
3, 19919
What are the prime factors of 30307?
30307
What are the prime factors of 5833?
19, 307
What are the prime factors of 24852?
2, 3, 19, 109
What are the prime factors of 2586?
2, 3, 431
List the prime factors of 168.
2, 3, 7
List the prime factors of 16535.
5, 3307
What are the prime factors of 138100?
2, 5, 1381
What are the prime factors of 402?
2, 3, 67
List the prime factors of 9863.
7, 1409
What are the prime factors of 548?
2, 137
What are the prime factors of 939?
3, 313
What are the prime factors of 521?
521
What are the prime factors of 39056?
2, 2441
List the prime factors of 3129.
3, 7, 149
List the prime factors of 137.
137
What are the prime factors of 17530?
2, 5, 1753
List the prime factors of 128714.
2, 139, 463
List the prime factors of 247.
13, 19
List the prime factors of 1446.
2, 3, 241
What are the prime factors of 19595?
5, 3919
List the prime factors of 759.
3, 11, 23
What are the prime factor